d 8359?
643
Calculate the greatest common factor of 558 and 834345594.
558
Calculate the greatest common divisor of 711 and 2980953.
9
What is the highest common factor of 427094 and 5681066?
2386
Calculate the highest common factor of 238 and 356363231.
119
What is the greatest common divisor of 3769971 and 2204?
29
What is the highest common divisor of 360 and 20045160?
360
What is the highest common divisor of 64953 and 212925213?
9279
What is the greatest common divisor of 9685 and 138229535?
745
Calculate the greatest common divisor of 36716 and 246560.
268
Calculate the greatest common divisor of 17013589 and 332.
83
What is the greatest common divisor of 953227 and 29336?
193
Calculate the highest common divisor of 623986 and 27108.
502
Calculate the greatest common factor of 270523625 and 50.
25
What is the greatest common divisor of 1178 and 1689214?
38
Calculate the greatest common factor of 1431702 and 72.
18
What is the highest common divisor of 6181570 and 492?
82
Calculate the highest common factor of 35918077 and 33044.
751
What is the greatest common factor of 4371514 and 294?
14
What is the highest common factor of 175644 and 628796?
476
Calculate the greatest common factor of 32858 and 161686.
14
What is the highest common factor of 14 and 707751632?
14
What is the highest common divisor of 12653814 and 57771?
393
What is the highest common divisor of 195 and 217735635?
195
Calculate the greatest common divisor of 91 and 49981477.
91
Calculate the highest common divisor of 676 and 17548115.
169
What is the highest common factor of 63030 and 38430?
30
What is the greatest common factor of 6351 and 16179063?
219
What is the greatest common factor of 63658952 and 120?
8
What is the highest common divisor of 5000 and 402750?
250
What is the greatest common divisor of 238 and 6362?
2
Calculate the greatest common divisor of 32 and 5566240.
32
What is the highest common factor of 11 and 3030401?
11
Calculate the highest common divisor of 119120228 and 4.
4
What is the highest common divisor of 18300 and 410225?
1525
What is the greatest common factor of 10839264 and 160?
32
Calculate the greatest common divisor of 87284538 and 198.
198
What is the greatest common divisor of 5415 and 6895100?
1805
Calculate the highest common divisor of 50413 and 1408.
11
What is the greatest common factor of 23485632 and 2400?
96
Calculate the highest common factor of 32752 and 4067389.
2047
What is the highest common divisor of 811919960 and 80?
40
Calculate the highest common divisor of 5 and 362147.
1
Calculate the highest common factor of 2517352 and 778036.
3004
Calculate the highest common divisor of 220462 and 385627.
121
What is the highest common divisor of 4764 and 6292?
4
Calculate the greatest common factor of 15976009 and 91931.
3997
What is the highest common divisor of 66250 and 1228222?
106
Calculate the greatest common factor of 60291 and 353829.
609
What is the highest common factor of 2267 and 60961897?
2267
Calculate the greatest common factor of 963 and 31819553.
107
Calculate the highest common factor of 198968 and 60907.
77
Calculate the highest common factor of 4096200 and 14325.
75
What is the highest common divisor of 1467009 and 5595?
1119
Calculate the greatest common divisor of 1050307 and 109.
1
Calculate the highest common divisor of 64 and 14516144.
16
Calculate the greatest common factor of 765919 and 530033.
1421
What is the greatest common factor of 414902085 and 6630?
3315
Calculate the greatest common factor of 2 and 10685590.
2
Calculate the greatest common divisor of 7697101 and 43072.
673
What is the greatest common factor of 154112 and 51299?
43
What is the highest common factor of 16284 and 631300?
236
Calculate the highest common factor of 389870838 and 5336.
1334
What is the greatest common divisor of 8213 and 185029?
43
What is the highest common factor of 9738 and 16056?
18
What is the greatest common factor of 35256 and 479232?
312
Calculate the greatest common divisor of 4938343 and 28480.
89
Calculate the greatest common divisor of 918316 and 644.
28
What is the highest common divisor of 426 and 165718544?
142
Calculate the highest common factor of 145634491 and 87.
29
What is the greatest common divisor of 147 and 19907769?
147
Calculate the greatest common factor of 1190 and 2648394.
14
What is the highest common factor of 28262181 and 1128?
141
What is the highest common factor of 132 and 60015420?
12
What is the highest common divisor of 3271411 and 1001?
143
What is the greatest common factor of 990 and 934650?
90
What is the greatest common divisor of 339694 and 1442?
206
What is the highest common factor of 759163272 and 72?
24
Calculate the highest common divisor of 5712 and 296347632.
336
Calculate the highest common factor of 739906 and 1450.
58
Calculate the highest common factor of 46168199 and 41193.
4577
What is the greatest common divisor of 506625179 and 15866?
7933
What is the greatest common factor of 30412694 and 166?
166
Calculate the greatest common factor of 3216 and 578240.
16
What is the highest common divisor of 221 and 856511?
17
Calculate the greatest common divisor of 19027 and 3354496.
359
What is the greatest common divisor of 568 and 34305496?
568
Calculate the highest common divisor of 88 and 91741122.
22
Calculate the greatest common divisor of 4387409 and 63713.
2197
Calculate the greatest common divisor of 470975 and 1225.
25
Calculate the highest common factor of 506180 and 1970.
10
What is the greatest common factor of 390 and 53592?
6
What is the greatest common factor of 4597227 and 27?
9
Calculate the highest common factor of 19096 and 174265322.
4774
What is the greatest common divisor of 11070 and 1685961?
1107
Calculate the greatest common factor of 53311817 and 13.
13
What is the highest common factor of 279 and 40133623?
31
What is the greatest common factor of 294 and 20220?
6
Calculate the greatest common factor of 448 and 22677452.
28
What is the greatest common divisor of 15074712 and 3096?
72
What is the greatest common factor of 35821 and 4022413?
317
What is the highest common divisor of 92 and 252910990?
46
What is the highest common factor of 328800 and 30000?
1200
Calculate the highest common divisor of 11658294 and 45.
9
What is the greatest common divisor of 23561405 and 20825?
4165
Calculate the greatest common divisor of 26483184 and 1820.
364
What is the highest common divisor of 12024 and 127748988?
6012
Calculate the highest common divisor of 4056416 and 92336.
3184
What is the greatest common divisor of 151 and 450443419?
151
What is the highest common factor of 746521 and 272?
17
Calculate the greatest common divisor of 11207 and 947652713.
11207
Calculate the greatest common factor of 13223 and 51839827.
1889
What is the highest common divisor of 300 and 3927972?
12
What is the highest common factor of 1435693 and 397201?
2219
Calculate the highest common factor of 10271988 and 1164.
12
Calculate the highest common divisor of 48 and 7764.
12
What is the greatest common factor of 752192 and 28658?
322
What is the highest common factor of 3709835 and 45?
5
Calculate the highest common factor of 14166890 and 70.
10
Calculate the highest common divisor of 1632 and 871097.
17
What is the greatest common factor of 46250 and 285750?
250
What is the highest common factor of 366771090 and 2261?
119
What is the greatest common divisor of 1805 and 5140355?
95
What is the highest common factor of 2701 and 2524997?
73
Calculate the greatest common factor of 27 and 29570967.
27
Calculate the highest common divisor of 2650444 and 13952.
436
What is the greatest common factor of 5645 and 6585?
5
What is the highest common divisor of 606 and 45259413?
303
What is the greatest common divisor of 1564 and 13257292?
92
Calculate the highest common divisor of 921 and 332523366.
921
What is the highest common divisor of 109050478 and 170?
34
Calculate the highest common factor of 1141235 and 137145.
205
What is the highest common factor of 168 and 4712456?
56
Calculate the highest common divisor of 8 and 2694456.
8
Calculate the highest common divisor of 55412 and 9926.
14
What is the highest common factor of 4985032 and 299?
13
What is the greatest comm